Let h = 8 - m. What are the prime factors of (3 + h + 2)*-2?
2
Suppose -3*a = 2*a - 5*x - 25, 4 = 2*a - 4*x. Suppose -a = 4*j + j - 2*s, -3*s + 12 = -3*j. Suppose j = -4*q + 66 + 14. What are the prime factors of q?
2, 5
Let b(l) = 5*l + 30. Let i be b(-7). List the prime factors of (-1)/(i/165) + (0 - 0).
3, 11
Let s(v) = -v**2 + 7*v - 7. Let x be s(4). Suppose 3*a - a - 8 = -4*n, -20 = -x*a. Suppose -6*m - 51 + 219 = n. List the prime factors of m.
2, 7
Let u(i) be the third derivative of 23*i**4/8 + i**3/3 + 6*i**2. Let d(n) = -34*n - 1. Let a(m) = 5*d(m) + 2*u(m). What are the prime factors of a(-2)?
3, 7
Suppose 6*j - a = 5*j + 3, 5*j + 2*a - 22 = 0. List the prime factors of 83*(j - (-6)/(-2)).
83
List the prime factors of 1434 - ((-8)/4 - -1).
5, 7, 41
Suppose -12 + 2 = -5*z. Suppose 3*x - 21 = 3*v, -2*v - z*v = 3*x - 14. Suppose 0 = 5*c - 94 - x. List the prime factors of c.
2, 5
Let z(f) = 21*f - 136. What are the prime factors of z(31)?
5, 103
Suppose 4*k + 12 = 0, 17*f - 12*f + k - 1682 = 0. What are the prime factors of f?
337
Let h be (5 - (6 - -5)) + 3. What are the prime factors of -3 - -4 - h*82?
13, 19
Let o(q) = -q + 5. Let h be o(-3). Suppose 2*w - 15 = -3*k, -10 - h = -5*w - k. List the prime factors of (-18)/((-2)/3*w).
3
Suppose -5*y + 1554 = -1836. What are the prime factors of y?
2, 3, 113
Let r = -990 - -1699. List the prime factors of r.
709
Suppose 3*h - 6 - 24 = 0. Let t = 34 - h. List the prime factors of t.
2, 3
Suppose -8*f = 840 - 15384. What are the prime factors of f?
2, 3, 101
Let o(y) = y**3 - 11*y**2 + 10*y + 17. What are the prime factors of o(21)?
4637
Suppose -5*c - 5*y = -18295, -4*y - 18331 = 16*c - 21*c. List the prime factors of c.
3, 11, 37
Suppose 14 = -2*m + 4*l, -3*m + l = -0*l - 4. Suppose -m*n + 167 = 2*q - 2*n, -5*n = 25. What are the prime factors of q?
2, 43
Let t(u) = -u**2 + 8*u - 7. Let m be (-2)/(-1 - (2 - 2)). Suppose -2*a + 18 = -2*q, 5*a + m*q + 2*q = 9. What are the prime factors of t(a)?
2
Let z(u) = 108*u + 111. List the prime factors of z(7).
3, 17
Suppose -6*h - 270 = -15*h. What are the prime factors of h?
2, 3, 5
Let i = 5 - 2. Suppose 0 = -2*a + i*a - 8. What are the prime factors of a?
2
List the prime factors of (1/(6/3676))/((-76)/(-114)).
919
Let w = -12 + 10. Let t = w - 5. Let y(a) = -a**2 - 9*a - 5. What are the prime factors of y(t)?
3
Let j = -271 + -38. Let p = -209 - j. Suppose -2*i = 3*i - p. List the prime factors of i.
2, 5
Let o(f) = f**3 + 10*f**2 - 22*f - 14. List the prime factors of o(-10).
2, 103
Let g(o) be the second derivative of 35*o**4/6 + 5*o**3/6 - 3*o**2 + 2*o - 5. What are the prime factors of g(1)?
3, 23
Suppose -16*p - 7830 = -34*p. What are the prime factors of p?
3, 5, 29
Suppose 13*x - 1193 = 4540. List the prime factors of x.
3, 7
Suppose 0 = -18*s + 4*s + 518. What are the prime factors of s?
37
Suppose 0 = 4*q - q + q. Suppose -725 = -5*u - 5*w - q*w, 420 = 3*u - 2*w. List the prime factors of u.
2, 71
What are the prime factors of -13*(1/1)/((-4)/112)?
2, 7, 13
Suppose -2*n = -l - 7, -1 = -5*n + l + 12. Suppose -148 = -n*g - 0*w + w, -w + 232 = 3*g. What are the prime factors of g?
2, 19
Suppose -4*i - 7 = -19. Let y = 16 + 75. Suppose k - y = -5*n - 8, i*k - 45 = -3*n. What are the prime factors of n?
17
Let j(z) = 5*z + 5. Let r be j(11). Suppose 3*u - 3 = 9. List the prime factors of 1 + r - u/4.
2, 3, 5
Suppose 3*d = -3, 2*h - 5*d - 185 = -2*h. Suppose o = -5*k + 3*o - h, -o = -2*k - 19. What are the prime factors of (-2 - k) + (-2 - -5)?
2
Let f(j) = 31*j**2 + 34*j - 261. What are the prime factors of f(10)?
11, 17
Suppose -4*x + 17 + 11 = 0. Let u(a) = 10*a + 18. What are the prime factors of u(x)?
2, 11
Suppose 5*b + 394 = 3*j - 336, -2*b + 1008 = 4*j. What are the prime factors of j?
2, 5
Let l = -252 + 420. Suppose 0 = -5*i + 6*i - l. List the prime factors of i.
2, 3, 7
Let f be 111/9 - (-1)/(-3). Let a = -86 + 90. Suppose -g - 4*v = -f, 0 = 3*g + a*v - 0*v - 52. What are the prime factors of g?
2, 5
Suppose -3*v = 5*w - 15916, 15*w - 16*w + 3*v = -3176. What are the prime factors of w?
2, 37, 43
Let i be (-3)/(-9)*0 - -175 - -3. Let p = i + -129. What are the prime factors of p?
7
List the prime factors of (-1)/6 - (-24199)/42.
2, 3
Let f be -4 - -1 - 2*-15. Let o = 15 - f. List the prime factors of (-18)/o*4/3.
2
Let j(f) = f**2 - 2*f - 22. Let d be j(7). List the prime factors of 39/d + 222/2.
2, 3, 19
Suppose -5*i - 12 = -3*p, 3 + 5 = -2*i + 2*p. Suppose i = -2*j - 10 - 2. Let o = j + 17. List the prime factors of o.
11
Let d be 243 - (-2 + 3 + 2). Let h = d - 75. List the prime factors of h.
3, 5, 11
Let k be 4/(-28)*-2 - (-33)/7. Suppose -k*a + 0*j = 5*j - 330, -5*a = 4*j - 327. List the prime factors of a.
3, 7
Suppose -5*k - 4*t = -14, -3 = -3*t - 0*t. Suppose d = 4*d - k*a - 25, -d + 8 = -a. What are the prime factors of (-12)/(-9)*d/3?
2
Let v = -106 + 171. List the prime factors of (3 + v/(-20))*-268.
67
Let g = 2510 - 1264. What are the prime factors of g?
2, 7, 89
Let f(k) = -52*k + 6. List the prime factors of f(-7).
2, 5, 37
Let z = 21 - 19. Suppose 15*l = 16*l - z. Suppose l*p - 6*p + 112 = 0. What are the prime factors of p?
2, 7
Let t be (6/(-10))/(2/(-30)). Suppose -17 = -5*m - j, 2*j = -3*m - t + 22. Let z = 7 + m. What are the prime factors of z?
2, 5
Suppose 311 = 3*k - 5*m, 6*k - 2*m = 5*k + 102. What are the prime factors of ((-75)/12 - 2)/((-6)/k)?
2, 7, 11
Let c(n) = 51*n**2 + 2*n + 2. Let g be c(-2). Suppose 210 = 4*q - g. Suppose -204 = -4*b + 4*u - 56, -5*u = -3*b + q. What are the prime factors of b?
41
Suppose -39*i = -10289 - 72703. List the prime factors of i.
2, 7, 19
Let i(k) = -5*k**2 - 6*k + 4. Let n be i(4). Let f = n + 140. What are the prime factors of f?
2, 5
Suppose 16*t = 27*t - 4598. What are the prime factors of t?
2, 11, 19
Let s(u) = 25*u**2 - 21*u - 129. List the prime factors of s(-6).
3, 13, 23
Let t = 0 - 7. Let p = 9 - t. What are the prime factors of p?
2
Let v(w) = -39*w - 15. List the prime factors of v(-9).
2, 3, 7
Let l be (-3 + 3)/(1*(1 + 1)). List the prime factors of (-15)/(4/(-24) + l).
2, 3, 5
Let o(g) = -187*g - 313. What are the prime factors of o(-12)?
1931
Let c be 0 - (-941 + -5) - 4/(-1). Suppose -8*w - 2*w = -c. What are the prime factors of w?
5, 19
Let c(n) = n**2 - 3*n - 5. Let x be c(4). Let b(s) be the first derivative of 35*s**3/3 + s - 35. What are the prime factors of b(x)?
2, 3
Let d(j) = 8*j - 85. List the prime factors of d(30).
5, 31
Suppose 3*h = 2*z + 16, 3*h + z + 19 = -4*z. Suppose -2*m - 29 = -f + 24, m = -h*f + 126. List the prime factors of f.
61
Let t(h) = 14*h**2 - 2*h + 2. Let u be t(4). Suppose 0 = -4*i + u - 42. What are the prime factors of i?
2, 11
Let y(u) = -25*u - 98. List the prime factors of y(-19).
13, 29
Suppose -132 - 73 = 5*r. Let d = -106 + 173. Let j = r + d. List the prime factors of j.
2, 13
Let b = -45 + 51. Let o(z) = 24*z - 22. What are the prime factors of o(b)?
2, 61
Let j be (-42)/(15/(-10) + 0). Suppose 5*m - 47 - j = 0. List the prime factors of m.
3, 5
Let s be 110/77 + (-4)/(-7). Suppose -t - t - 114 = -s*v, v + 3*t - 53 = 0. What are the prime factors of v?
2, 7
Let x = -14 + 63. Suppose 6*r - x + 1 = 0. What are the prime factors of -68*(-2 + -2)/r?
2, 17
Suppose 2*d = -2*q + 544, 4*q - 732 = 4*d + 356. Let v = q + -60. Suppose -v = -5*j - 2*p, 4 = -2*j + 2*p + 100. What are the prime factors of j?
2, 11
Let w = 23 - 14. Let m be w/(-6)*30/(-9). Suppose -m*n = 0, -5*f - 2*n + 105 = -4*n. What are the prime factors of f?
3, 7
Let x be (-1)/4 - 34/(-8). Suppose 19 = -x*g + n, -4*g + 4*n - 10 - 18 = 0. What are the prime factors of ((-26)/(-4))/((-2)/g)?
13
Suppose 111*y - 141*y = -2070. What are the prime factors of y?
3, 23
Let r(j) = -7*j**3 - 3*j**2 - 4*j - 1. Let g = 58 + -60. What are the prime factors of r(g)?
3, 17
What are the prime factors of (0 - 298)/(10 + (-1232)/121)?
11, 149
Suppose 8*o + 825 = 23*o. List the prime factors of o.
5, 11
List the prime factors of ((-10659)/(-3))/11 - (4 - 9).
2, 41
What are the prime factors of 6*(-14)/168*-2*23?
23
Let r(k) be the third derivative of -k**4/24 - 5*k**3/3 - 5*k**2. Let i be r(-12). Suppose i = a - 15. What are the prime factors of a?
17
Let y(w) = 1